5250
In base 13, what is -556 - -1?
-555
In base 6, what is 12 - 454?
-442
In base 14, what is -115 + 3?
-112
In base 2, what is -1000010 + -10?
-1000100
In base 9, what is 40565 + -3?
40562
In base 2, what is 1 + 1100111?
1101000
In base 7, what is 254 - 42?
212
In base 7, what is 10122 - 0?
10122
In base 3, what is -1110000 - -11?
-1102212
In base 2, what is 11 + -10010?
-1111
In base 3, what is -11020 + -2?
-11022
In base 6, what is 21511 - -10?
21521
In base 12, what is 3 - -59?
60
In base 14, what is 40 + 1?
41
In base 12, what is -1 + 55?
54
In base 5, what is 21 - -4?
30
In base 12, what is 14 - -436?
44a
In base 3, what is -12 + -1212020?
-1212102
In base 10, what is -19 + 112?
93
In base 4, what is 21 + -32?
-11
In base 3, what is 10 + 2012201?
2012211
In base 3, what is -11 - 1010?
-1021
In base 10, what is 10 - -195?
205
In base 10, what is 4 - 7?
-3
In base 4, what is -10212332 + -10?
-10213002
In base 7, what is 1066 - -4?
1103
In base 11, what is 822 + 0?
822
In base 12, what is -21 - 2?
-23
In base 15, what is -98c - 2?
-98e
In base 15, what is -2d1 - -5?
-2cb
In base 11, what is -20 - 1?
-21
In base 4, what is 1000 - 1?
333
In base 15, what is -5 - 192?
-197
In base 15, what is -b8 + 1?
-b7
In base 15, what is -31 - 0?
-31
In base 7, what is 5 - -242?
250
In base 4, what is -20 + -31020?
-31100
In base 5, what is -2213 + 211?
-2002
In base 6, what is -125234 - -5?
-125225
In base 9, what is -4 + -141?
-145
In base 2, what is -11100 - 110?
-100010
In base 3, what is 121 - 1100?
-202
In base 5, what is 103044 - 3?
103041
In base 13, what is 8 - -b4?
bc
In base 2, what is -100001 - -1001?
-11000
In base 5, what is 4 - 30233?
-30224
In base 5, what is -133014 - 2?
-133021
In base 12, what is -169 - 5?
-172
In base 9, what is 60 - -17?
77
In base 14, what is -a + 33?
27
In base 2, what is 1100 + 100110?
110010
In base 16, what is 12 - -4?
16
In base 7, what is -1 - -12431?
12430
In base 10, what is -7 - -38?
31
In base 9, what is -21036 + 5?
-21031
In base 12, what is -1 + -2a?
-2b
In base 5, what is 243 + -3?
240
In base 2, what is 10 - -1101?
1111
In base 13, what is 9 - 31?
-25
In base 2, what is 10111 + 110000100?
110011011
In base 9, what is -114 - -6?
-107
In base 16, what is 149 + 5?
14e
In base 12, what is -1 + -84?
-85
In base 2, what is 11 + -110011?
-110000
In base 15, what is 0 + -b0?
-b0
In base 9, what is 108 + 3?
112
In base 12, what is -3436 + -3?
-3439
In base 7, what is 11553 - 0?
11553
In base 8, what is -2 + 21?
17
In base 11, what is -31 - 0?
-31
In base 2, what is -10100 + 101?
-1111
In base 14, what is -327 - 4?
-32b
In base 3, what is 121112 + -11?
121101
In base 8, what is 3 + -6?
-3
In base 13, what is 4 + -75?
-71
In base 16, what is 1 + -26?
-25
In base 6, what is -13 - -40?
23
In base 15, what is -4 + -37?
-3b
In base 12, what is 1 + 74?
75
In base 10, what is -1580 - 7?
-1587
In base 9, what is -33 - 746?
-780
In base 13, what is -1 - 77a?
-77b
In base 15, what is -18 + 8?
-10
In base 5, what is -4242 + -32?
-4324
In base 8, what is -761 + -5?
-766
In base 7, what is -265 - -1?
-264
In base 16, what is -24 + 12?
-12
In base 6, what is -5 + -4455?
-4504
In base 9, what is -7 - 564?
-572
In base 4, what is 2012320 + -2?
2012312
In base 4, what is 1 - -10212?
10213
In base 8, what is 535 + -15?
520
In base 16, what is 17e + -4?
17a
In base 10, what is -1 + -198?
-199
In base 8, what is 5 + 10475?
10502
In base 7, what is 163 + 3?
166
In base 12, what is 11b6 + -5?
11b1
In base 2, what is 1100010 + -11001?
1001001
In base 13, what is -4 + -b98?
-b9c
In base 12, what is -268 + -35?
-2a1
In base 13, what is -3 - -128?
125
In base 2, what is 100000 + -10?
11110
In base 6, what is -151 - 1?
-152
In base 4, what is 201 - 0?
201
In base 6, what is -2 + 3?
1
In base 6, what is -1130 - -1?
-1125
In base 16, what is 242 - -f?
251
In base 11, what is 265 + 11?
276
In base 5, what is 10402 - 21?
10331
In base 14, what is 7 + 8?
11
In base 4, what is -100 + 3210?
3110
In base 11, what is 1aa51 - 2?
1aa4a
In base 10, what is 22 + -26?
-4
In base 13, what is -25 - -4?
-21
In base 10, what is -1 + 41?
40
In base 8, what is 7 + -1?
6
In base 10, what is 86 - -63?
149
In base 12, what is -5 + -a?
-13
In base 15, what is 5 - 128?
-123
In base 4, what is 11312 - 3?
11303
In base 5, what is 134140 - -1?
134141
In base 11, what is -17 - 4?
-20
In base 8, what is 1 - -2071?
2072
In base 4, what is 0 + -3333?
-3333
In base 15, what is -8 - 212?
-21a
In base 14, what is -3 - 0?
-3
In base 9, what is 4 + 42?
46
In base 4, what is -2330 + 11?
-2313
In base 13, what is a15 + 4?
a19
In base 5, what is 431 + 4?
440
In base 14, what is 8 - -310?
318
In base 3, what is -11 + -102000011?
-102000022
In base 12, what is -11aa - 5?
-11b3
In base 9, what is -242 + 5?
-236
In base 3, what is -121 - 12?
-210
In base 16, what is 1a + 1?
1b
In base 9, what is -11 + -1?
-12
In base 3, what is -22000 + 120?
-21110
In base 10, what is 303 + -2?
301
In base 13, what is 4 + a8?
ac
In base 4, what is 13 + -302?
-223
In base 2, what is -1010 + 100110?
11100
In base 5, what is -2403 - 2?
-2410
In base 14, what is 17 + b?
24
In base 10, what is -2579 - 3?
-2582
In base 11, what is -277 - -6?
-271
In base 14, what is -24 - -4b?
27
In base 11, what is -3 + 3?
0
In base 13, what is 496 + 2?
498
In base 7, what is 2 - -40?
42
In base 14, what is -58c + 5?
-587
In base 12, what is -4 - -34?
30
In base 10, what is -15 - -260?
245
In base 9, what is 4 - 143?
-138
In base 5, what is -1231 - 1?
-1232
In base 12, what is -17 + -8?
-23
In base 5, what is -2034 - -2?
-2032
In base 16, what is -11 + 8e?
7d
In base 4, what is 2000010 - 0?
2000010
In base 3, what is -10 + 2222100?
2222020
In base 5, what is 4441 + 2?
4443
In base 16, what is 2 + -b7?
-b5
In base 16, what is -3 + d0?
cd
In base 10, what is -965 + -15?
-980
In base 3, what is 2 + -1102?
-1100
In base 8, what is -220 + -3?
-223
In base 10, what is -212 + -1?
-213
In base 9, what is -76 + -24?
-111
In base 15, what is ccb - 3?
cc8
In base 11, what is -160 - -1?
-15a
In base 14, what is 5 - 24a?
-245
In base 6, what is 2 + 54?
100
In base 3, what is -2 - 22120?
-22122
In base 7, what is 5 + -16210?
-16202
In base 14, what is -7 + -b0?
-b7
In base 11, what is 2 - -a7?
a9
In base 14, what is 24 - -1c?
42
In base 8, what is 1 + -53?
-52
In base 14, what is 5d0 - 3?
5cb
In base 10, what is -3 - -14?
11
In base 6, what is 32 - -1?
33
In base 4, what is -10 + -3003?
-3013
In base 5, what is 11 - -4102?
4113
In base 13, what is -3 + -8c8?
-8cb
In base 13, what is -5 + 37?
32
In base 6, what is 203241 + 4?
203245
In base 8, what is -4 - -725?
721
In base 16, what is -1 - 10?
-11
In base 15, what is d7 + 4?
db
In base 9, what is 2 + -2287?
-2285
In base 4, what is 0 - 1102211?
-1102211
In base 14, what is -1 + 1c0?
1bd
In base 12, what is 1 + 1823?
1824
In base 7, what is -1632 + 5?
-1624
In base 14, what is 3bc - c?
3b0
In base 11, what is -1 - -829?
828
In base 13, what is 9 + -1a?
-11
In base 4, what is -1301 - -30?
-1211
In base 7, what is 503 - -33?
536
In base 7, what is -4 + 1515?
1511
In base 16, what is 3 - -2d3?
2d6
In base 6, what is 12 + 21151?
21203
In base 11, what is 28 - -50?
78
In base 13, what is 1 - 727?
-726
In base 13, what is 17 + -40?
-26
In base 14, what is 55 + -28?
2b
In base 2, what is -1 + -10001001?
-10001010
In base 15, what is -35d3 - 2?
-35d5
In base 15, what is -2c + 1c?
-10
In base 15, what is 859 - -3?
85c
In base 10, what is -6 + -122?
-128
In base 8, what is 2242 - -3?
2245
In base 10, what is -3 - 60?
-63
In base 12, what is 3 + -2b?
-28
In base 2, what is 10011001000001 - 0?
10011001000001
In base 5, what is 0 - 13441?
-13441
In base 9, what is 2 + -1045?
-1043
In base 12, what is 414 + -3?
411
In base 5, what is 3 + -321?
-313
In base 11, what is 11 - -5?
16
In base 14, what is -bd + 3?
-ba
In base 11, what is -41 + -2?
-43
In base 10, what is -112 + 97?
-15
In base 2, what is -10 + 10100?
10010
In base 15, what is 11 - 75?
-64
In base 5, what is 3 - 43?
-40
In base 16, what is 2 + -21?
-1f
In base 6, what is 12413 + -20?
12353
In base 7, what is 2102 - -1?
2103
In base 8, what is -572 - -2?
-570
In base 6, what is -2 - 135?
-141
In base 9, what is 5 + 1255?
1261
In base 5